{"id":1345,"date":"2019-12-20T14:18:26","date_gmt":"2019-12-20T13:18:26","guid":{"rendered":"https:\/\/absolwent.uek.krakow.pl\/?page_id=1345"},"modified":"2025-12-17T09:43:21","modified_gmt":"2025-12-17T08:43:21","slug":"wladze","status":"publish","type":"page","link":"https:\/\/absolwent.uek.krakow.pl\/?page_id=1345","title":{"rendered":"W\u0142adze"},"content":{"rendered":"<p><div class=\"fusion-fullwidth fullwidth-box fusion-builder-row-1 fusion-flex-container fusion-parallax-none nonhundred-percent-fullwidth non-hundred-percent-height-scrolling\" style=\"--awb-background-position:left top;--awb-border-radius-top-left:0px;--awb-border-radius-top-right:0px;--awb-border-radius-bottom-right:0px;--awb-border-radius-bottom-left:0px;--awb-padding-top:90px;--awb-background-image:url(&quot;https:\/\/absolwent.uek.krakow.pl\/wp-content\/uploads\/2020\/02\/bgr-bordo-light.jpg&quot;);--awb-background-size:cover;--awb-flex-wrap:wrap;\" ><div class=\"fusion-builder-row fusion-row fusion-flex-align-items-flex-start fusion-flex-content-wrap\" style=\"max-width:1144px;margin-left: calc(-4% \/ 2 );margin-right: calc(-4% \/ 2 );\"><div class=\"fusion-layout-column fusion_builder_column fusion-builder-column-0 fusion_builder_column_1_6 1_6 fusion-flex-column fusion-no-small-visibility\" style=\"--awb-bg-size:cover;--awb-width-large:16.666666666667%;--awb-margin-top-large:0px;--awb-spacing-right-large:11.52%;--awb-margin-bottom-large:20px;--awb-spacing-left-large:11.52%;--awb-width-medium:16.666666666667%;--awb-spacing-right-medium:11.52%;--awb-spacing-left-medium:11.52%;--awb-width-small:100%;--awb-spacing-right-small:1.92%;--awb-spacing-left-small:1.92%;\"><div class=\"fusion-column-wrapper fusion-flex-justify-content-flex-start fusion-content-layout-column\"><\/div><\/div><div class=\"fusion-layout-column fusion_builder_column fusion-builder-column-1 fusion_builder_column_2_3 2_3 fusion-flex-column\" style=\"--awb-bg-size:cover;--awb-width-large:66.666666666667%;--awb-margin-top-large:2%;--awb-spacing-right-large:2.88%;--awb-margin-bottom-large:2%;--awb-spacing-left-large:2.88%;--awb-width-medium:66.666666666667%;--awb-spacing-right-medium:2.88%;--awb-spacing-left-medium:2.88%;--awb-width-small:100%;--awb-spacing-right-small:1.92%;--awb-spacing-left-small:1.92%;\"><div class=\"fusion-column-wrapper fusion-flex-justify-content-flex-start fusion-content-layout-column\"><div class=\"fusion-image-element \" style=\"text-align:center;--awb-caption-title-font-family:var(--h2_typography-font-family);--awb-caption-title-font-weight:var(--h2_typography-font-weight);--awb-caption-title-font-style:var(--h2_typography-font-style);--awb-caption-title-size:var(--h2_typography-font-size);--awb-caption-title-transform:var(--h2_typography-text-transform);--awb-caption-title-line-height:var(--h2_typography-line-height);--awb-caption-title-letter-spacing:var(--h2_typography-letter-spacing);\"><span class=\" fusion-imageframe imageframe-none imageframe-1 hover-type-none\"><img decoding=\"async\" width=\"300\" height=\"195\" title=\"Stowarzyszenie-Absolwentow-logo_nowe-ludziki\" src=\"https:\/\/absolwent.uek.krakow.pl\/wp-content\/uploads\/2021\/10\/Stowarzyszenie-Absolwentow-logo_nowe-ludziki.png\" alt class=\"img-responsive wp-image-1633\" srcset=\"https:\/\/absolwent.uek.krakow.pl\/wp-content\/uploads\/2021\/10\/Stowarzyszenie-Absolwentow-logo_nowe-ludziki-200x130.png 200w, https:\/\/absolwent.uek.krakow.pl\/wp-content\/uploads\/2021\/10\/Stowarzyszenie-Absolwentow-logo_nowe-ludziki.png 300w\" sizes=\"(max-width: 1024px) 100vw, 300px\" \/><\/span><\/div><div class=\"fusion-text fusion-text-1\"><h5 style=\"text-align: center;\">Zarz\u0105d Stowarzyszenia wybierany jest na okres 4 lat spo\u015br\u00f3d cz\u0142onk\u00f3w zwyczajnych Stowarzyszenia. Cz\u0142onkowie Zarz\u0105du rozdzielaj\u0105 funkcje mi\u0119dzy sob\u0105 zwyk\u0142\u0105 wi\u0119kszo\u015bci\u0105 g\u0142os\u00f3w. W\u00a0sk\u0142ad Zarz\u0105du Stowarzyszenia wchodz\u0105 prezes, trzej zast\u0119pcy, sekretarz, skarbnik i\u00a0trzech do dziewi\u0119ciu cz\u0142onk\u00f3w Zarz\u0105du.<\/h5>\n<\/div><\/div><\/div><div class=\"fusion-layout-column fusion_builder_column fusion-builder-column-2 fusion_builder_column_1_6 1_6 fusion-flex-column fusion-no-small-visibility\" style=\"--awb-bg-size:cover;--awb-width-large:16.666666666667%;--awb-margin-top-large:0px;--awb-spacing-right-large:11.52%;--awb-margin-bottom-large:20px;--awb-spacing-left-large:11.52%;--awb-width-medium:16.666666666667%;--awb-spacing-right-medium:11.52%;--awb-spacing-left-medium:11.52%;--awb-width-small:100%;--awb-spacing-right-small:1.92%;--awb-spacing-left-small:1.92%;\"><div class=\"fusion-column-wrapper fusion-flex-justify-content-flex-start fusion-content-layout-column\"><\/div><\/div><\/div><\/div><div class=\"fusion-fullwidth fullwidth-box fusion-builder-row-2 fusion-flex-container nonhundred-percent-fullwidth non-hundred-percent-height-scrolling\" style=\"--awb-border-radius-top-left:0px;--awb-border-radius-top-right:0px;--awb-border-radius-bottom-right:0px;--awb-border-radius-bottom-left:0px;--awb-padding-top:60px;--awb-padding-bottom:60px;--awb-margin-top:0%;--awb-margin-bottom:0%;--awb-background-color:#ffffff;--awb-flex-wrap:wrap;\" ><div class=\"fusion-builder-row fusion-row fusion-flex-align-items-flex-start fusion-flex-content-wrap\" style=\"max-width:1144px;margin-left: calc(-4% \/ 2 );margin-right: calc(-4% \/ 2 );\"><div class=\"fusion-layout-column fusion_builder_column fusion-builder-column-3 fusion_builder_column_4_5 4_5 fusion-flex-column\" style=\"--awb-padding-right:3%;--awb-padding-left:3%;--awb-bg-size:cover;--awb-width-large:80%;--awb-margin-top-large:20px;--awb-spacing-right-large:2.4%;--awb-margin-bottom-large:0px;--awb-spacing-left-large:2.4%;--awb-width-medium:80%;--awb-spacing-right-medium:2.4%;--awb-spacing-left-medium:2.4%;--awb-width-small:100%;--awb-spacing-right-small:1.92%;--awb-spacing-left-small:1.92%;\"><div class=\"fusion-column-wrapper fusion-flex-justify-content-flex-start fusion-content-layout-column\"><div class=\"fusion-separator fusion-full-width-sep\" style=\"align-self: center;margin-left: auto;margin-right: auto;margin-top:30px;margin-bottom:10px;width:100%;\"><div class=\"fusion-separator-border sep-single sep-solid\" style=\"--awb-height:20px;--awb-amount:20px;border-color:#eff3f9;border-top-width:1px;\"><\/div><\/div><div class=\"fusion-text fusion-text-2\" style=\"--awb-text-transform:none;\"><h3><span style=\"color: #800000;\"><strong>Sk\u0142ad Zarz\u0105du<\/strong> na kadencj\u0119 2025-2029<\/span><\/h3>\n<p><strong>dr Jolanta Juza<\/strong> \u2013 Prezes<\/p>\n<p><strong>dr hab. Maria P\u0142onka, prof.UEK<\/strong> \u2013 I-szy Wiceprezes<\/p>\n<p><strong>dr Marzena Piszczek<\/strong>\u00a0\u2013 Wiceprezes<\/p>\n<p><strong>mgr Sebastian Tomsia<\/strong> \u2013 Wiceprezes<\/p>\n<p><strong>mgr El\u017cbieta Bra\u015b<\/strong> &#8211; Skarbnik<\/p>\n<p><strong>mgr Halina Wojtal-Lubi\u0144ska<\/strong> \u2013 Sekretarz<\/p>\n<p><span data-olk-copy-source=\"MessageBody\"><strong>dr Magdalena Do\u0142hasz, prof.UEK<\/strong> <\/span> \u2013 Cz\u0142onek<\/p>\n<p><strong>mgr Miros\u0142aw Chechelski<\/strong> &#8211; Cz\u0142onek<\/p>\n<p><strong>mgr Konrad Hernik<\/strong> &#8211; Cz\u0142onek<\/p>\n<p><strong>mgr J\u00f3zef Laskowski<\/strong> &#8211; Cz\u0142onek<\/p>\n<p><strong>mgr Joanna Olbert-Jaki<\/strong> &#8211; Cz\u0142onek<\/p>\n<h3><span style=\"color: #800000;\"><strong>Komisja Rewizyjna<\/strong><\/span><\/h3>\n<p><strong>dr Halina Smutek<\/strong> \u2013 Przewodnicz\u0105ca<\/p>\n<p><strong>dr Krzysztof Stepaniuk<\/strong> \u2013 Z-ca Przewodnicz\u0105cej<\/p>\n<p><strong>mgr Pawe\u0142 Szafraniec<\/strong> \u2013 Sekretarz<\/p>\n<h3><span style=\"color: #800000;\"><strong>S\u0105d Kole\u017ce\u0144ski<\/strong><\/span><\/h3>\n<p><strong>dr Ma\u0142gorzata Kosa\u0142a\u00a0<\/strong> \u2013 Przewodnicz\u0105ca<\/p>\n<p><strong>dr Tomasz Rojek<\/strong> \u2013 Cz\u0142onek<\/p>\n<p><strong>prof. dr hab. Maria Sierpi\u0144ska<\/strong> \u2013 Cz\u0142onek<\/p>\n<p><strong><br \/>Byli prezesi Stowarzyszenia Absolwent\u00f3w UEK<\/strong><\/p>\n<p>prof. dr hab. <strong>Wies\u0142aw Nalepa<\/strong> (oficjalnie od 1969 r. do 1981 r.)<br \/>dr hab.\u00a0 <strong>Krystyna Rajzer<\/strong>, prof. UEK (od 1981 r. do 1986 r.)<br \/>prof. dr hab. <strong>Andrzej Szromnik<\/strong> (od 1986 r. do 2009 r.)<br \/>prof. dr hab. <strong>Anna Czuba\u0142a<\/strong> (od 2009 r. do 2013 r.)<br \/>dr <strong>Leszek Strzembicki<\/strong> (od 2013 do 2017 r.)<\/p>\n<\/div><\/div><\/div><\/div><\/div><\/p>\n","protected":false},"excerpt":{"rendered":"","protected":false},"author":4,"featured_media":0,"parent":0,"menu_order":0,"comment_status":"closed","ping_status":"closed","template":"100-width.php","meta":{"footnotes":""},"class_list":["post-1345","page","type-page","status-publish","hentry"],"_links":{"self":[{"href":"https:\/\/absolwent.uek.krakow.pl\/index.php?rest_route=\/wp\/v2\/pages\/1345","targetHints":{"allow":["GET"]}}],"collection":[{"href":"https:\/\/absolwent.uek.krakow.pl\/index.php?rest_route=\/wp\/v2\/pages"}],"about":[{"href":"https:\/\/absolwent.uek.krakow.pl\/index.php?rest_route=\/wp\/v2\/types\/page"}],"author":[{"embeddable":true,"href":"https:\/\/absolwent.uek.krakow.pl\/index.php?rest_route=\/wp\/v2\/users\/4"}],"replies":[{"embeddable":true,"href":"https:\/\/absolwent.uek.krakow.pl\/index.php?rest_route=%2Fwp%2Fv2%2Fcomments&post=1345"}],"version-history":[{"count":22,"href":"https:\/\/absolwent.uek.krakow.pl\/index.php?rest_route=\/wp\/v2\/pages\/1345\/revisions"}],"predecessor-version":[{"id":2145,"href":"https:\/\/absolwent.uek.krakow.pl\/index.php?rest_route=\/wp\/v2\/pages\/1345\/revisions\/2145"}],"wp:attachment":[{"href":"https:\/\/absolwent.uek.krakow.pl\/index.php?rest_route=%2Fwp%2Fv2%2Fmedia&parent=1345"}],"curies":[{"name":"wp","href":"https:\/\/api.w.org\/{rel}","templated":true}]}}

Władze

<p><div class="fusion-fullwidth fullwidth-box fusion-builder-row-1 fusion-flex-container fusion-parallax-none nonhundred-percent-fullwidth non-hundred-percent-height-scrolling" style="--awb-background-position:left top;--awb-border-radius-top-left:0px;--awb-border-radius-top-right:0px;--awb-border-radius-bottom-right:0px;--awb-border-radius-bottom-left:0px;--awb-padding-top:90px;--awb-background-image:url(&quot;https://absolwent.uek.krakow.pl/wp-content/uploads/2020/02/bgr-bordo-light.jpg&quot;);--awb-background-size:cover;--awb-flex-wrap:wrap;" ><div class="fusion-builder-row fusion-row fusion-flex-align-items-flex-start fusion-flex-content-wrap" style="max-width:1144px;margin-left: calc(-4% / 2 );margin-right: calc(-4% / 2 );"><div class="fusion-layout-column fusion_builder_column fusion-builder-column-0 fusion_builder_column_1_6 1_6 fusion-flex-column fusion-no-small-visibility" style="--awb-bg-size:cover;--awb-width-large:16.666666666667%;--awb-margin-top-large:0px;--awb-spacing-right-large:11.52%;--awb-margin-bottom-large:20px;--awb-spacing-left-large:11.52%;--awb-width-medium:16.666666666667%;--awb-spacing-right-medium:11.52%;--awb-spacing-left-medium:11.52%;--awb-width-small:100%;--awb-spacing-right-small:1.92%;--awb-spacing-left-small:1.92%;"><div class="fusion-column-wrapper fusion-flex-justify-content-flex-start fusion-content-layout-column"></div></div><div class="fusion-layout-column fusion_builder_column fusion-builder-column-1 fusion_builder_column_2_3 2_3 fusion-flex-column" style="--awb-bg-size:cover;--awb-width-large:66.666666666667%;--awb-margin-top-large:2%;--awb-spacing-right-large:2.88%;--awb-margin-bottom-large:2%;--awb-spacing-left-large:2.88%;--awb-width-medium:66.666666666667%;--awb-spacing-right-medium:2.88%;--awb-spacing-left-medium:2.88%;--awb-width-small:100%;--awb-spacing-right-small:1.92%;--awb-spacing-left-small:1.92%;"><div class="fusion-column-wrapper fusion-flex-justify-content-flex-start fusion-content-layout-column"><div class="fusion-image-element " style="text-align:center;--awb-caption-title-font-family:var(--h2_typography-font-family);--awb-caption-title-font-weight:var(--h2_typography-font-weight);--awb-caption-title-font-style:var(--h2_typography-font-style);--awb-caption-title-size:var(--h2_typography-font-size);--awb-caption-title-transform:var(--h2_typography-text-transform);--awb-caption-title-line-height:var(--h2_typography-line-height);--awb-caption-title-letter-spacing:var(--h2_typography-letter-spacing);"><span class=" fusion-imageframe imageframe-none imageframe-1 hover-type-none"><img decoding="async" width="300" height="195" title="Stowarzyszenie-Absolwentow-logo_nowe-ludziki" src="https://absolwent.uek.krakow.pl/wp-content/uploads/2021/10/Stowarzyszenie-Absolwentow-logo_nowe-ludziki.png" alt class="img-responsive wp-image-1633" srcset="https://absolwent.uek.krakow.pl/wp-content/uploads/2021/10/Stowarzyszenie-Absolwentow-logo_nowe-ludziki-200x130.png 200w, https://absolwent.uek.krakow.pl/wp-content/uploads/2021/10/Stowarzyszenie-Absolwentow-logo_nowe-ludziki.png 300w" sizes="(max-width: 1024px) 100vw, 300px" /></span></div><div class="fusion-text fusion-text-1"><h5 style="text-align: center;">Zarząd Stowarzyszenia wybierany jest na okres 4 lat spośród członków zwyczajnych Stowarzyszenia. Członkowie Zarządu rozdzielają funkcje między sobą zwykłą większością głosów. W skład Zarządu Stowarzyszenia wchodzą prezes, trzej zastępcy, sekretarz, skarbnik i trzech do dziewięciu członków Zarządu.</h5>
</div></div></div><div class="fusion-layout-column fusion_builder_column fusion-builder-column-2 fusion_builder_column_1_6 1_6 fusion-flex-column fusion-no-small-visibility" style="--awb-bg-size:cover;--awb-width-large:16.666666666667%;--awb-margin-top-large:0px;--awb-spacing-right-large:11.52%;--awb-margin-bottom-large:20px;--awb-spacing-left-large:11.52%;--awb-width-medium:16.666666666667%;--awb-spacing-right-medium:11.52%;--awb-spacing-left-medium:11.52%;--awb-width-small:100%;--awb-spacing-right-small:1.92%;--awb-spacing-left-small:1.92%;"><div class="fusion-column-wrapper fusion-flex-justify-content-flex-start fusion-content-layout-column"></div></div></div></div><div class="fusion-fullwidth fullwidth-box fusion-builder-row-2 fusion-flex-container nonhundred-percent-fullwidth non-hundred-percent-height-scrolling" style="--awb-border-radius-top-left:0px;--awb-border-radius-top-right:0px;--awb-border-radius-bottom-right:0px;--awb-border-radius-bottom-left:0px;--awb-padding-top:60px;--awb-padding-bottom:60px;--awb-margin-top:0%;--awb-margin-bottom:0%;--awb-background-color:#ffffff;--awb-flex-wrap:wrap;" ><div class="fusion-builder-row fusion-row fusion-flex-align-items-flex-start fusion-flex-content-wrap" style="max-width:1144px;margin-left: calc(-4% / 2 );margin-right: calc(-4% / 2 );"><div class="fusion-layout-column fusion_builder_column fusion-builder-column-3 fusion_builder_column_4_5 4_5 fusion-flex-column" style="--awb-padding-right:3%;--awb-padding-left:3%;--awb-bg-size:cover;--awb-width-large:80%;--awb-margin-top-large:20px;--awb-spacing-right-large:2.4%;--awb-margin-bottom-large:0px;--awb-spacing-left-large:2.4%;--awb-width-medium:80%;--awb-spacing-right-medium:2.4%;--awb-spacing-left-medium:2.4%;--awb-width-small:100%;--awb-spacing-right-small:1.92%;--awb-spacing-left-small:1.92%;"><div class="fusion-column-wrapper fusion-flex-justify-content-flex-start fusion-content-layout-column"><div class="fusion-separator fusion-full-width-sep" style="align-self: center;margin-left: auto;margin-right: auto;margin-top:30px;margin-bottom:10px;width:100%;"><div class="fusion-separator-border sep-single sep-solid" style="--awb-height:20px;--awb-amount:20px;border-color:#eff3f9;border-top-width:1px;"></div></div><div class="fusion-text fusion-text-2" style="--awb-text-transform:none;"><h3><span style="color: #800000;"><strong>Skład Zarządu</strong> na kadencję 2025-2029</span></h3>
<p><strong>dr Jolanta Juza</strong> – Prezes</p>
<p><strong>dr hab. Maria Płonka, prof.UEK</strong> – I-szy Wiceprezes</p>
<p><strong>dr Marzena Piszczek</strong> – Wiceprezes</p>
<p><strong>mgr Sebastian Tomsia</strong> – Wiceprezes</p>
<p><strong>mgr Elżbieta Braś</strong> &#8211; Skarbnik</p>
<p><strong>mgr Halina Wojtal-Lubińska</strong> – Sekretarz</p>
<p><span data-olk-copy-source="MessageBody"><strong>dr Magdalena Dołhasz, prof.UEK</strong> </span> – Członek</p>
<p><strong>mgr Mirosław Chechelski</strong> &#8211; Członek</p>
<p><strong>mgr Konrad Hernik</strong> &#8211; Członek</p>
<p><strong>mgr Józef Laskowski</strong> &#8211; Członek</p>
<p><strong>mgr Joanna Olbert-Jaki</strong> &#8211; Członek</p>
<h3><span style="color: #800000;"><strong>Komisja Rewizyjna</strong></span></h3>
<p><strong>dr Halina Smutek</strong> – Przewodnicząca</p>
<p><strong>dr Krzysztof Stepaniuk</strong> – Z-ca Przewodniczącej</p>
<p><strong>mgr Paweł Szafraniec</strong> – Sekretarz</p>
<h3><span style="color: #800000;"><strong>Sąd Koleżeński</strong></span></h3>
<p><strong>dr Małgorzata Kosała </strong> – Przewodnicząca</p>
<p><strong>dr Tomasz Rojek</strong> – Członek</p>
<p><strong>prof. dr hab. Maria Sierpińska</strong> – Członek</p>
<p><strong><br />Byli prezesi Stowarzyszenia Absolwentów UEK</strong></p>
<p>prof. dr hab. <strong>Wiesław Nalepa</strong> (oficjalnie od 1969 r. do 1981 r.)<br />dr hab.  <strong>Krystyna Rajzer</strong>, prof. UEK (od 1981 r. do 1986 r.)<br />prof. dr hab. <strong>Andrzej Szromnik</strong> (od 1986 r. do 2009 r.)<br />prof. dr hab. <strong>Anna Czubała</strong> (od 2009 r. do 2013 r.)<br />dr <strong>Leszek Strzembicki</strong> (od 2013 do 2017 r.)</p>
</div></div></div></div></div></p>
