{"id":1497,"date":"2020-02-10T22:30:11","date_gmt":"2020-02-10T21:30:11","guid":{"rendered":"https:\/\/absolwent.uek.krakow.pl\/?page_id=1497"},"modified":"2024-10-16T10:51:50","modified_gmt":"2024-10-16T08:51:50","slug":"blekitny-laur","status":"publish","type":"page","link":"https:\/\/absolwent.uek.krakow.pl\/?page_id=1497","title":{"rendered":"B\u0142\u0119kitny Laur"},"content":{"rendered":"<div class=\"fusion-fullwidth fullwidth-box fusion-builder-row-1 fusion-flex-container fusion-parallax-none nonhundred-percent-fullwidth non-hundred-percent-height-scrolling\" style=\"--awb-background-position:left top;--awb-border-radius-top-left:0px;--awb-border-radius-top-right:0px;--awb-border-radius-bottom-right:0px;--awb-border-radius-bottom-left:0px;--awb-padding-top:60px;--awb-padding-bottom:60px;--awb-margin-top:0%;--awb-margin-bottom:0%;--awb-background-image:url(&quot;https:\/\/absolwent.uek.krakow.pl\/wp-content\/uploads\/2020\/02\/bgr-blekitny-light.jpg&quot;);--awb-background-size:cover;--awb-flex-wrap:wrap;\" ><div class=\"fusion-builder-row fusion-row fusion-flex-align-items-flex-start fusion-flex-content-wrap\" style=\"max-width:1144px;margin-left: calc(-4% \/ 2 );margin-right: calc(-4% \/ 2 );\"><div class=\"fusion-layout-column fusion_builder_column fusion-builder-column-0 fusion_builder_column_1_6 1_6 fusion-flex-column fusion-column-inner-bg-wrapper\" style=\"--awb-inner-bg-size:cover;--awb-width-large:16.666666666667%;--awb-margin-top-large:0px;--awb-spacing-right-large:11.52%;--awb-margin-bottom-large:20px;--awb-spacing-left-large:11.52%;--awb-width-medium:16.666666666667%;--awb-spacing-right-medium:11.52%;--awb-spacing-left-medium:11.52%;--awb-width-small:100%;--awb-spacing-right-small:1.92%;--awb-spacing-left-small:1.92%;\"><span class=\"fusion-column-inner-bg hover-type-none\"><a class=\"fusion-column-anchor\" href=\"https:\/\/absolwent.uek.krakow.pl\/wp-content\/uploads\/2020\/02\/DEKLARACJIA-CZ\u0141ONK_STOW_ABSOL-UEK_2020.docx\" rel=\"noopener noreferrer\" target=\"_blank\"><span class=\"fusion-column-inner-bg-image\"><\/span><\/a><\/span><div class=\"fusion-column-wrapper fusion-column-has-shadow fusion-flex-justify-content-flex-start fusion-content-layout-column\"><\/div><\/div><div class=\"fusion-layout-column fusion_builder_column fusion-builder-column-1 fusion_builder_column_2_3 2_3 fusion-flex-column fusion-column-inner-bg-wrapper\" style=\"--awb-inner-bg-size:cover;--awb-width-large:66.666666666667%;--awb-margin-top-large:0px;--awb-spacing-right-large:2.88%;--awb-margin-bottom-large:20px;--awb-spacing-left-large:2.88%;--awb-width-medium:66.666666666667%;--awb-spacing-right-medium:2.88%;--awb-spacing-left-medium:2.88%;--awb-width-small:100%;--awb-spacing-right-small:1.92%;--awb-spacing-left-small:1.92%;\"><span class=\"fusion-column-inner-bg hover-type-none\"><a class=\"fusion-column-anchor\" href=\"https:\/\/absolwent.uek.krakow.pl\/wp-content\/uploads\/2020\/02\/DEKLARACJIA-CZ\u0141ONK_STOW_ABSOL-UEK_2020.pdf\" rel=\"noopener noreferrer\" target=\"_blank\"><span class=\"fusion-column-inner-bg-image\"><\/span><\/a><\/span><div class=\"fusion-column-wrapper fusion-column-has-shadow fusion-flex-justify-content-flex-start fusion-content-layout-column\"><div class=\"fusion-text fusion-text-1\"><h5 style=\"text-align: center; --fontSize: 22; line-height: 1.5; --minFontSize: 22;\" data-fontsize=\"22\" data-lineheight=\"33px\" class=\"fusion-responsive-typography-calculated\">Zarz\u0105d  Stowarzyszenia  na posiedzeniach  w  pa\u017adzierniku   2010  i styczniu 2011  rozwa\u017ca\u0142 decyzj\u0119  o przyznawaniu  \u201eB\u0142\u0119kitnego Lauru\u201d,  jako   nagrody  dla  os\u00f3b, kt\u00f3re w  szczeg\u00f3lny spos\u00f3b   wyr\u00f3\u017cni\u0142y  si\u0119  w  dzia\u0142alno\u015bci  na rzecz  Uniwersytetu  Ekonomicznego  w  Krakowie.<\/h5>\n<h5 style=\"text-align: center; --fontSize: 22; line-height: 1.5; --minFontSize: 22;\" data-fontsize=\"22\" data-lineheight=\"33px\" class=\"fusion-responsive-typography-calculated\">Propozycje  znalaz\u0142y   aprobat\u0119  wszystkich  cz\u0142onk\u00f3w   Zarz\u0105du.<\/h5>\n<h5 style=\"text-align: center; --fontSize: 22; line-height: 1.5; --minFontSize: 22;\" data-fontsize=\"22\" data-lineheight=\"33px\" class=\"fusion-responsive-typography-calculated\">\u201eB\u0142\u0119kitny Laur\u201d  wr\u0119czany jest podczas   uroczysto\u015bci  Bal B\u0142\u0119kitny. Pierwszym  Nagrodzonym,   Wyr\u00f3\u017cnionym   zosta\u0142 Pan Profesor Andrzej Szromnik, wieloletni  Prezes Stowarzyszenia  Absolwent\u00f3w  Uniwersytetu   Ekonomicznego  w  Krakowie.<\/h5>\n<\/div><\/div><\/div><div class=\"fusion-layout-column fusion_builder_column fusion-builder-column-2 fusion_builder_column_1_6 1_6 fusion-flex-column fusion-column-inner-bg-wrapper\" style=\"--awb-inner-bg-size:cover;--awb-width-large:16.666666666667%;--awb-margin-top-large:0px;--awb-spacing-right-large:11.52%;--awb-margin-bottom-large:20px;--awb-spacing-left-large:11.52%;--awb-width-medium:16.666666666667%;--awb-spacing-right-medium:11.52%;--awb-spacing-left-medium:11.52%;--awb-width-small:100%;--awb-spacing-right-small:1.92%;--awb-spacing-left-small:1.92%;\"><span class=\"fusion-column-inner-bg hover-type-none\"><a class=\"fusion-column-anchor\" href=\"https:\/\/absolwent.uek.krakow.pl\/wp-content\/uploads\/2020\/02\/DEKLARACJIA-CZ\u0141ONK_STOW_ABSOL-UEK_2020.docx\" rel=\"noopener noreferrer\" target=\"_blank\"><span class=\"fusion-column-inner-bg-image\"><\/span><\/a><\/span><div class=\"fusion-column-wrapper fusion-column-has-shadow fusion-flex-justify-content-flex-start fusion-content-layout-column\"><\/div><\/div><div class=\"fusion-layout-column fusion_builder_column fusion-builder-column-3 fusion_builder_column_1_1 1_1 fusion-flex-column\" style=\"--awb-bg-size:cover;--awb-width-large:100%;--awb-margin-top-large:0px;--awb-spacing-right-large:1.92%;--awb-margin-bottom-large:20px;--awb-spacing-left-large:1.92%;--awb-width-medium:100%;--awb-spacing-right-medium:1.92%;--awb-spacing-left-medium:1.92%;--awb-width-small:100%;--awb-spacing-right-small:1.92%;--awb-spacing-left-small:1.92%;\"><div class=\"fusion-column-wrapper fusion-column-has-shadow fusion-flex-justify-content-flex-start fusion-content-layout-column\"><div class=\"fusion-text fusion-text-2\"><h3 style=\"text-align: center;\"><span style=\"color: #043b75;\"><strong>Odznaczeni \u201eB\u0142\u0119kitnym Laurem\u201d<\/strong><\/span><\/h3>\n<\/div><div class=\"fusion-separator fusion-full-width-sep\" style=\"align-self: center;margin-left: auto;margin-right: auto;width:100%;\"><div class=\"fusion-separator-border sep-single sep-solid\" style=\"--awb-height:20px;--awb-amount:20px;--awb-sep-color:#03a9f4;border-color:#03a9f4;border-top-width:1px;\"><\/div><\/div><div class=\"fusion-separator fusion-full-width-sep\" style=\"align-self: center;margin-left: auto;margin-right: auto;margin-top:25px;margin-bottom:25px;width:100%;\"><\/div><\/div><\/div><div class=\"fusion-layout-column fusion_builder_column fusion-builder-column-4 fusion_builder_column_1_6 1_6 fusion-flex-column fusion-column-inner-bg-wrapper\" style=\"--awb-inner-bg-size:cover;--awb-width-large:16.666666666667%;--awb-margin-top-large:0px;--awb-spacing-right-large:11.52%;--awb-margin-bottom-large:20px;--awb-spacing-left-large:11.52%;--awb-width-medium:16.666666666667%;--awb-spacing-right-medium:11.52%;--awb-spacing-left-medium:11.52%;--awb-width-small:100%;--awb-spacing-right-small:1.92%;--awb-spacing-left-small:1.92%;\"><span class=\"fusion-column-inner-bg hover-type-none\"><a class=\"fusion-column-anchor\" href=\"https:\/\/absolwent.uek.krakow.pl\/wp-content\/uploads\/2020\/02\/DEKLARACJIA-CZ\u0141ONK_STOW_ABSOL-UEK_2020.docx\" rel=\"noopener noreferrer\" target=\"_blank\"><span class=\"fusion-column-inner-bg-image\"><\/span><\/a><\/span><div class=\"fusion-column-wrapper fusion-column-has-shadow fusion-flex-justify-content-flex-start fusion-content-layout-column\"><\/div><\/div><div class=\"fusion-layout-column fusion_builder_column fusion-builder-column-5 fusion_builder_column_2_3 2_3 fusion-flex-column fusion-column-inner-bg-wrapper\" style=\"--awb-inner-bg-size:cover;--awb-width-large:66.666666666667%;--awb-margin-top-large:0px;--awb-spacing-right-large:2.88%;--awb-margin-bottom-large:20px;--awb-spacing-left-large:2.88%;--awb-width-medium:66.666666666667%;--awb-spacing-right-medium:2.88%;--awb-spacing-left-medium:2.88%;--awb-width-small:100%;--awb-spacing-right-small:1.92%;--awb-spacing-left-small:1.92%;\"><span class=\"fusion-column-inner-bg hover-type-none\"><a class=\"fusion-column-anchor\" href=\"https:\/\/absolwent.uek.krakow.pl\/wp-content\/uploads\/2020\/02\/DEKLARACJIA-CZ\u0141ONK_STOW_ABSOL-UEK_2020.pdf\" rel=\"noopener noreferrer\" target=\"_blank\"><span class=\"fusion-column-inner-bg-image\"><\/span><\/a><\/span><div class=\"fusion-column-wrapper fusion-column-has-shadow fusion-flex-justify-content-flex-start fusion-content-layout-column\"><div class=\"fusion-text fusion-text-3\" style=\"--awb-text-transform:none;\"><p>Prof. Dr hab. <strong>Jerzy Hausner<\/strong> (2020 r.)<\/p>\n<p>Prof. Dr hab. <strong>Krzysztof Sur\u00f3wka<\/strong> (2020 r.)<\/p>\n<p>Prof. Dr hab. <strong>Anna \u00a0Czuba\u0142a<\/strong> (2019 r.)<\/p>\n<p>Dr \u00a0<strong>Leszek \u00a0Strzembicki<\/strong> (2019 r.)<\/p>\n<p>Prof.UEK dr hab. in\u017c. <strong>Andrzej \u00a0Choch\u00f3\u0142<\/strong> \u00a0&#8211; Rektor (2018 r.)<\/p>\n<p>Mgr <strong>Halina Wojtal-Lubi\u0144ska <\/strong>(2018 r.)<\/p>\n<p>Mgr in\u017c. <strong>Sobies\u0142aw \u00a0Zasada<\/strong> (2017 r.)<\/p>\n<p>Mgr \u00a0<strong>Franciszek \u00a0 Gaik<\/strong> (2017 r.)<\/p>\n<p>Mgr \u00a0 <strong>Piotr \u00a0Dr\u0105\u017ckiewicz <\/strong>(2016 r.)<\/p>\n<p>Mgr \u00a0<strong>Stanis\u0142aw \u00a0Bisztyga <\/strong>(2016 r.)<\/p>\n<p>Dr \u00a0<strong>Jan \u00a0Pamu\u0142a<\/strong> (2015 r.)<\/p>\n<p>Prof. dr hab. <strong>Roman \u00a0Niestr\u00f3j<\/strong> (2015 r.)<\/p>\n<p>Dr \u00a0<strong>Jolanta \u00a0Juza<\/strong> (2015 r.)<\/p>\n<p>Prof. dr hab. <strong>Ryszard \u00a0Borowiecki <\/strong>(2014 r.)<\/p>\n<p>Mgr <strong>J\u00f3zef \u00a0 Ba\u0142ucki<\/strong> (2014 r.)<\/p>\n<p>Mgr <strong>\u00a0Jan \u00a0Banachowicz<\/strong>\u00a0 (2013 r.)<\/p>\n<p>Mgr \u00a0<strong>Zbigniew \u00a0Twar\u00f3g<\/strong> (2012 r.)<\/p>\n<p>Prof. dr hab. \u00a0<strong>Andrzej \u00a0 Szromnik<\/strong> (2011 r.)<\/p>\n<\/div><\/div><\/div><div class=\"fusion-layout-column fusion_builder_column fusion-builder-column-6 fusion_builder_column_1_6 1_6 fusion-flex-column fusion-column-inner-bg-wrapper\" style=\"--awb-inner-bg-size:cover;--awb-width-large:16.666666666667%;--awb-margin-top-large:0px;--awb-spacing-right-large:11.52%;--awb-margin-bottom-large:20px;--awb-spacing-left-large:11.52%;--awb-width-medium:16.666666666667%;--awb-spacing-right-medium:11.52%;--awb-spacing-left-medium:11.52%;--awb-width-small:100%;--awb-spacing-right-small:1.92%;--awb-spacing-left-small:1.92%;\"><span class=\"fusion-column-inner-bg hover-type-none\"><a class=\"fusion-column-anchor\" href=\"https:\/\/absolwent.uek.krakow.pl\/wp-content\/uploads\/2020\/02\/DEKLARACJIA-CZ\u0141ONK_STOW_ABSOL-UEK_2020.docx\" rel=\"noopener noreferrer\" target=\"_blank\"><span class=\"fusion-column-inner-bg-image\"><\/span><\/a><\/span><div class=\"fusion-column-wrapper fusion-column-has-shadow fusion-flex-justify-content-flex-start fusion-content-layout-column\"><\/div><\/div><\/div><\/div>\n","protected":false},"excerpt":{"rendered":"","protected":false},"author":4,"featured_media":0,"parent":0,"menu_order":0,"comment_status":"closed","ping_status":"closed","template":"100-width.php","meta":{"footnotes":""},"class_list":["post-1497","page","type-page","status-publish","hentry"],"_links":{"self":[{"href":"https:\/\/absolwent.uek.krakow.pl\/index.php?rest_route=\/wp\/v2\/pages\/1497","targetHints":{"allow":["GET"]}}],"collection":[{"href":"https:\/\/absolwent.uek.krakow.pl\/index.php?rest_route=\/wp\/v2\/pages"}],"about":[{"href":"https:\/\/absolwent.uek.krakow.pl\/index.php?rest_route=\/wp\/v2\/types\/page"}],"author":[{"embeddable":true,"href":"https:\/\/absolwent.uek.krakow.pl\/index.php?rest_route=\/wp\/v2\/users\/4"}],"replies":[{"embeddable":true,"href":"https:\/\/absolwent.uek.krakow.pl\/index.php?rest_route=%2Fwp%2Fv2%2Fcomments&post=1497"}],"version-history":[{"count":18,"href":"https:\/\/absolwent.uek.krakow.pl\/index.php?rest_route=\/wp\/v2\/pages\/1497\/revisions"}],"predecessor-version":[{"id":1896,"href":"https:\/\/absolwent.uek.krakow.pl\/index.php?rest_route=\/wp\/v2\/pages\/1497\/revisions\/1896"}],"wp:attachment":[{"href":"https:\/\/absolwent.uek.krakow.pl\/index.php?rest_route=%2Fwp%2Fv2%2Fmedia&parent=1497"}],"curies":[{"name":"wp","href":"https:\/\/api.w.org\/{rel}","templated":true}]}}

Błękitny Laur

<div class="fusion-fullwidth fullwidth-box fusion-builder-row-1 fusion-flex-container fusion-parallax-none nonhundred-percent-fullwidth non-hundred-percent-height-scrolling" style="--awb-background-position:left top;--awb-border-radius-top-left:0px;--awb-border-radius-top-right:0px;--awb-border-radius-bottom-right:0px;--awb-border-radius-bottom-left:0px;--awb-padding-top:60px;--awb-padding-bottom:60px;--awb-margin-top:0%;--awb-margin-bottom:0%;--awb-background-image:url(&quot;https://absolwent.uek.krakow.pl/wp-content/uploads/2020/02/bgr-blekitny-light.jpg&quot;);--awb-background-size:cover;--awb-flex-wrap:wrap;" ><div class="fusion-builder-row fusion-row fusion-flex-align-items-flex-start fusion-flex-content-wrap" style="max-width:1144px;margin-left: calc(-4% / 2 );margin-right: calc(-4% / 2 );"><div class="fusion-layout-column fusion_builder_column fusion-builder-column-0 fusion_builder_column_1_6 1_6 fusion-flex-column fusion-column-inner-bg-wrapper" style="--awb-inner-bg-size:cover;--awb-width-large:16.666666666667%;--awb-margin-top-large:0px;--awb-spacing-right-large:11.52%;--awb-margin-bottom-large:20px;--awb-spacing-left-large:11.52%;--awb-width-medium:16.666666666667%;--awb-spacing-right-medium:11.52%;--awb-spacing-left-medium:11.52%;--awb-width-small:100%;--awb-spacing-right-small:1.92%;--awb-spacing-left-small:1.92%;"><span class="fusion-column-inner-bg hover-type-none"><a class="fusion-column-anchor" href="https://absolwent.uek.krakow.pl/wp-content/uploads/2020/02/DEKLARACJIA-CZŁONK_STOW_ABSOL-UEK_2020.docx" rel="noopener noreferrer" target="_blank"><span class="fusion-column-inner-bg-image"></span></a></span><div class="fusion-column-wrapper fusion-column-has-shadow fusion-flex-justify-content-flex-start fusion-content-layout-column"></div></div><div class="fusion-layout-column fusion_builder_column fusion-builder-column-1 fusion_builder_column_2_3 2_3 fusion-flex-column fusion-column-inner-bg-wrapper" style="--awb-inner-bg-size:cover;--awb-width-large:66.666666666667%;--awb-margin-top-large:0px;--awb-spacing-right-large:2.88%;--awb-margin-bottom-large:20px;--awb-spacing-left-large:2.88%;--awb-width-medium:66.666666666667%;--awb-spacing-right-medium:2.88%;--awb-spacing-left-medium:2.88%;--awb-width-small:100%;--awb-spacing-right-small:1.92%;--awb-spacing-left-small:1.92%;"><span class="fusion-column-inner-bg hover-type-none"><a class="fusion-column-anchor" href="https://absolwent.uek.krakow.pl/wp-content/uploads/2020/02/DEKLARACJIA-CZŁONK_STOW_ABSOL-UEK_2020.pdf" rel="noopener noreferrer" target="_blank"><span class="fusion-column-inner-bg-image"></span></a></span><div class="fusion-column-wrapper fusion-column-has-shadow fusion-flex-justify-content-flex-start fusion-content-layout-column"><div class="fusion-text fusion-text-1"><h5 style="text-align: center; --fontSize: 22; line-height: 1.5; --minFontSize: 22;" data-fontsize="22" data-lineheight="33px" class="fusion-responsive-typography-calculated">Zarząd  Stowarzyszenia  na posiedzeniach  w  październiku   2010  i styczniu 2011  rozważał decyzję  o przyznawaniu  „Błękitnego Lauru”,  jako   nagrody  dla  osób, które w  szczególny sposób   wyróżniły  się  w  działalności  na rzecz  Uniwersytetu  Ekonomicznego  w  Krakowie.</h5>
<h5 style="text-align: center; --fontSize: 22; line-height: 1.5; --minFontSize: 22;" data-fontsize="22" data-lineheight="33px" class="fusion-responsive-typography-calculated">Propozycje  znalazły   aprobatę  wszystkich  członków   Zarządu.</h5>
<h5 style="text-align: center; --fontSize: 22; line-height: 1.5; --minFontSize: 22;" data-fontsize="22" data-lineheight="33px" class="fusion-responsive-typography-calculated">„Błękitny Laur”  wręczany jest podczas   uroczystości  Bal Błękitny. Pierwszym  Nagrodzonym,   Wyróżnionym   został Pan Profesor Andrzej Szromnik, wieloletni  Prezes Stowarzyszenia  Absolwentów  Uniwersytetu   Ekonomicznego  w  Krakowie.</h5>
</div></div></div><div class="fusion-layout-column fusion_builder_column fusion-builder-column-2 fusion_builder_column_1_6 1_6 fusion-flex-column fusion-column-inner-bg-wrapper" style="--awb-inner-bg-size:cover;--awb-width-large:16.666666666667%;--awb-margin-top-large:0px;--awb-spacing-right-large:11.52%;--awb-margin-bottom-large:20px;--awb-spacing-left-large:11.52%;--awb-width-medium:16.666666666667%;--awb-spacing-right-medium:11.52%;--awb-spacing-left-medium:11.52%;--awb-width-small:100%;--awb-spacing-right-small:1.92%;--awb-spacing-left-small:1.92%;"><span class="fusion-column-inner-bg hover-type-none"><a class="fusion-column-anchor" href="https://absolwent.uek.krakow.pl/wp-content/uploads/2020/02/DEKLARACJIA-CZŁONK_STOW_ABSOL-UEK_2020.docx" rel="noopener noreferrer" target="_blank"><span class="fusion-column-inner-bg-image"></span></a></span><div class="fusion-column-wrapper fusion-column-has-shadow fusion-flex-justify-content-flex-start fusion-content-layout-column"></div></div><div class="fusion-layout-column fusion_builder_column fusion-builder-column-3 fusion_builder_column_1_1 1_1 fusion-flex-column" style="--awb-bg-size:cover;--awb-width-large:100%;--awb-margin-top-large:0px;--awb-spacing-right-large:1.92%;--awb-margin-bottom-large:20px;--awb-spacing-left-large:1.92%;--awb-width-medium:100%;--awb-spacing-right-medium:1.92%;--awb-spacing-left-medium:1.92%;--awb-width-small:100%;--awb-spacing-right-small:1.92%;--awb-spacing-left-small:1.92%;"><div class="fusion-column-wrapper fusion-column-has-shadow fusion-flex-justify-content-flex-start fusion-content-layout-column"><div class="fusion-text fusion-text-2"><h3 style="text-align: center;"><span style="color: #043b75;"><strong>Odznaczeni „Błękitnym Laurem”</strong></span></h3>
</div><div class="fusion-separator fusion-full-width-sep" style="align-self: center;margin-left: auto;margin-right: auto;width:100%;"><div class="fusion-separator-border sep-single sep-solid" style="--awb-height:20px;--awb-amount:20px;--awb-sep-color:#03a9f4;border-color:#03a9f4;border-top-width:1px;"></div></div><div class="fusion-separator fusion-full-width-sep" style="align-self: center;margin-left: auto;margin-right: auto;margin-top:25px;margin-bottom:25px;width:100%;"></div></div></div><div class="fusion-layout-column fusion_builder_column fusion-builder-column-4 fusion_builder_column_1_6 1_6 fusion-flex-column fusion-column-inner-bg-wrapper" style="--awb-inner-bg-size:cover;--awb-width-large:16.666666666667%;--awb-margin-top-large:0px;--awb-spacing-right-large:11.52%;--awb-margin-bottom-large:20px;--awb-spacing-left-large:11.52%;--awb-width-medium:16.666666666667%;--awb-spacing-right-medium:11.52%;--awb-spacing-left-medium:11.52%;--awb-width-small:100%;--awb-spacing-right-small:1.92%;--awb-spacing-left-small:1.92%;"><span class="fusion-column-inner-bg hover-type-none"><a class="fusion-column-anchor" href="https://absolwent.uek.krakow.pl/wp-content/uploads/2020/02/DEKLARACJIA-CZŁONK_STOW_ABSOL-UEK_2020.docx" rel="noopener noreferrer" target="_blank"><span class="fusion-column-inner-bg-image"></span></a></span><div class="fusion-column-wrapper fusion-column-has-shadow fusion-flex-justify-content-flex-start fusion-content-layout-column"></div></div><div class="fusion-layout-column fusion_builder_column fusion-builder-column-5 fusion_builder_column_2_3 2_3 fusion-flex-column fusion-column-inner-bg-wrapper" style="--awb-inner-bg-size:cover;--awb-width-large:66.666666666667%;--awb-margin-top-large:0px;--awb-spacing-right-large:2.88%;--awb-margin-bottom-large:20px;--awb-spacing-left-large:2.88%;--awb-width-medium:66.666666666667%;--awb-spacing-right-medium:2.88%;--awb-spacing-left-medium:2.88%;--awb-width-small:100%;--awb-spacing-right-small:1.92%;--awb-spacing-left-small:1.92%;"><span class="fusion-column-inner-bg hover-type-none"><a class="fusion-column-anchor" href="https://absolwent.uek.krakow.pl/wp-content/uploads/2020/02/DEKLARACJIA-CZŁONK_STOW_ABSOL-UEK_2020.pdf" rel="noopener noreferrer" target="_blank"><span class="fusion-column-inner-bg-image"></span></a></span><div class="fusion-column-wrapper fusion-column-has-shadow fusion-flex-justify-content-flex-start fusion-content-layout-column"><div class="fusion-text fusion-text-3" style="--awb-text-transform:none;"><p>Prof. Dr hab. <strong>Jerzy Hausner</strong> (2020 r.)</p>
<p>Prof. Dr hab. <strong>Krzysztof Surówka</strong> (2020 r.)</p>
<p>Prof. Dr hab. <strong>Anna  Czubała</strong> (2019 r.)</p>
<p>Dr  <strong>Leszek  Strzembicki</strong> (2019 r.)</p>
<p>Prof.UEK dr hab. inż. <strong>Andrzej  Chochół</strong>  &#8211; Rektor (2018 r.)</p>
<p>Mgr <strong>Halina Wojtal-Lubińska </strong>(2018 r.)</p>
<p>Mgr inż. <strong>Sobiesław  Zasada</strong> (2017 r.)</p>
<p>Mgr  <strong>Franciszek   Gaik</strong> (2017 r.)</p>
<p>Mgr   <strong>Piotr  Drążkiewicz </strong>(2016 r.)</p>
<p>Mgr  <strong>Stanisław  Bisztyga </strong>(2016 r.)</p>
<p>Dr  <strong>Jan  Pamuła</strong> (2015 r.)</p>
<p>Prof. dr hab. <strong>Roman  Niestrój</strong> (2015 r.)</p>
<p>Dr  <strong>Jolanta  Juza</strong> (2015 r.)</p>
<p>Prof. dr hab. <strong>Ryszard  Borowiecki </strong>(2014 r.)</p>
<p>Mgr <strong>Józef   Bałucki</strong> (2014 r.)</p>
<p>Mgr <strong> Jan  Banachowicz</strong>  (2013 r.)</p>
<p>Mgr  <strong>Zbigniew  Twaróg</strong> (2012 r.)</p>
<p>Prof. dr hab.  <strong>Andrzej   Szromnik</strong> (2011 r.)</p>
</div></div></div><div class="fusion-layout-column fusion_builder_column fusion-builder-column-6 fusion_builder_column_1_6 1_6 fusion-flex-column fusion-column-inner-bg-wrapper" style="--awb-inner-bg-size:cover;--awb-width-large:16.666666666667%;--awb-margin-top-large:0px;--awb-spacing-right-large:11.52%;--awb-margin-bottom-large:20px;--awb-spacing-left-large:11.52%;--awb-width-medium:16.666666666667%;--awb-spacing-right-medium:11.52%;--awb-spacing-left-medium:11.52%;--awb-width-small:100%;--awb-spacing-right-small:1.92%;--awb-spacing-left-small:1.92%;"><span class="fusion-column-inner-bg hover-type-none"><a class="fusion-column-anchor" href="https://absolwent.uek.krakow.pl/wp-content/uploads/2020/02/DEKLARACJIA-CZŁONK_STOW_ABSOL-UEK_2020.docx" rel="noopener noreferrer" target="_blank"><span class="fusion-column-inner-bg-image"></span></a></span><div class="fusion-column-wrapper fusion-column-has-shadow fusion-flex-justify-content-flex-start fusion-content-layout-column"></div></div></div></div>
